6).
-47
Let u(t) = -29*t**3 - 347*t**2 + 16*t + 56. What is u(-12)?
8
Let q(c) = -4*c**2 + 2*c + 24. Give q(3).
-6
Let u(k) = 4050*k + 24281. Give u(-6).
-19
Let k(g) = 2*g**3 + 7*g**2 - 15*g - 23. Determine k(-6).
-113
Let o(q) = 18*q**2 + 15*q + 6. Give o(-5).
381
Let c(d) = d**2 - 36*d - 449. Calculate c(39).
-332
Let y(v) = 2*v**3 - 44*v**2 + 3*v - 70. Calculate y(22).
-4
Let u(o) = -o**3 - 13*o**2 + 20*o - 118. Determine u(-15).
32
Let q(j) = 9*j**2 - 502*j - 621. Calculate q(57).
6
Let k(l) = -13*l + 557. Determine k(40).
37
Let m(y) = -y**2 + 104*y - 594. Give m(97).
85
Let g(i) = -i**3 + 6*i**2 - 30*i + 124. Give g(5).
-1
Let d(y) = y - 26. Determine d(1).
-25
Let w(o) = 6*o**3 - 73*o**2 + 14*o - 18. Determine w(12).
6
Let i(z) = z**3 - 4*z**2 - 41*z - 72. Give i(9).
-36
Let j(m) = 8*m**3 + 7*m**2 - 4*m - 4. Calculate j(2).
80
Let n(b) = -97*b**2 - 1263*b + 24. What is n(-13)?
50
Let d(z) = -z + 111. Give d(10).
101
Let o(l) = -5*l**2 + 78*l - 194. Calculate o(3).
-5
Let u(z) = -3*z**2 + 106*z - 379. Calculate u(4).
-3
Let z(n) = 2*n**3 + 28*n**2 + 21*n - 14. Determine z(-11).
481
Let i(s) = 5*s**2 + 129*s - 9. Give i(-23).
-331
Let l(b) = -b**2 - 15*b + 35. Give l(-19).
-41
Let w(g) = 962*g + 25008. Calculate w(-26).
-4
Let h(r) = -r**3 + 30*r**2 + 56*r - 18. What is h(32)?
-274
Let f(x) = -84*x + 1344. Calculate f(16).
0
Let t(d) = -d**3 + 41*d**2 - 112*d - 44. What is t(38)?
32
Let w(l) = -10*l - 137. Give w(-26).
123
Let h(p) = -p**3 + 51*p**2 - 50*p + 6. Give h(50).
6
Let l(p) = -p**2 + 634*p - 5641. What is l(9)?
-16
Let b(p) = 28*p**3 + 2*p**2 - 7*p + 7. What is b(1)?
30
Let q(d) = -d**3 - 5*d**2 + 24*d - 5. What is q(-7)?
-75
Let z(k) = k**3 + 8*k**2 + 15*k - 16. Give z(-6).
-34
Let j(s) = -3*s**2 + 152*s - 1462. Calculate j(38).
-18
Let w(i) = -4*i**3 - 5*i**2 - 34*i - 109. Calculate w(-4).
203
Let x(o) = o**2 - 221*o + 1090. Calculate x(5).
10
Let f(n) = 236*n + 229. What is f(-1)?
-7
Let w(d) = d**3 - 16*d**2 + 48*d - 49. Determine w(13).
68
Let t(v) = -v**2 + 33*v - 273. Determine t(20).
-13
Let u(v) = -v**3 + 94*v**2 - 1124*v + 34. What is u(14)?
-22
Let v(a) = 30*a**2 + 141*a - 48. Give v(-5).
-3
Let r(q) = 24*q**2 - q - 61. What is r(0)?
-61
Let n(r) = 5*r - 21. Determine n(2).
-11
Let a(z) = z**3 - 38*z**2 + 300*z - 79. What is a(27)?
2
Let n(k) = k**3 - 51*k**2 + 4*k - 225. Give n(51).
-21
Let r(d) = -31*d - 114. Calculate r(-2).
-52
Let q(n) = 20*n**3 - 59*n**2 + n - 7. What is q(3)?
5
Let n(p) = 289*p + 163. Give n(-1).
-126
Let j(v) = 5*v**3 - 4*v**2 + 8*v + 8. Give j(-5).
-757
Let d(g) = 17*g + 466. Determine d(10).
636
Let q(l) = -46*l + 1520. Determine q(33).
2
Let m(r) = 176*r - 10378. Give m(59).
6
Let y(p) = p**3 + 99*p**2 - 136*p - 3602. Determine y(-100).
-2
Let b(o) = -o**2 - 55*o - 13. Calculate b(-55).
-13
Let t(i) = -2*i**2 + 147*i - 321. What is t(71)?
34
Let n(h) = -h**3 - 144*h**2 + 434*h - 989. Give n(-147).
40
Let y(o) = 4*o**3 + 16*o**2 - 29*o - 120. Calculate y(-5).
-75
Let y(p) = -p**3 + 32*p**2 + p - 86. What is y(32)?
-54
Let s(l) = 605*l + 6056. Calculate s(-10).
6
Let l(u) = 26*u - 553. What is l(18)?
-85
Let v(t) = 957*t + 949. What is v(-1)?
-8
Let s(x) = -97*x - 2132. What is s(-22)?
2
Let i(m) = -m**2 - 786*m - 16074. What is i(-21)?
-9
Let q(p) = 9*p**3 + 7*p**2 - 2*p - 6. What is q(3)?
294
Let o(g) = -g**3 - 5*g**2 + 2*g - 24. Calculate o(-6).
0
Let m(x) = 182*x + 15251. Calculate m(-84).
-37
Let m(y) = 44*y**3 - 29*y**2 - 7*y + 6. Calculate m(2).
228
Let a(i) = i**2 + 8*i - 23. Determine a(-8).
-23
Let r(h) = -h**2 + 143*h + 1852. What is r(-12)?
-8
Let f(s) = -2*s**2 - 62*s - 442. Determine f(-23).
-74
Let b(u) = 174*u + 6607. Calculate b(-38).
-5
Let p(f) = -29*f - 9. Give p(0).
-9
Let t(m) = -380*m + 9120. What is t(24)?
0
Let u(a) = -a**3 + 43*a**2 - 3*a + 126. Give u(43).
-3
Let r(h) = -282*h + 180763. Give r(641).
1
Let n(i) = i**3 - 12*i**2 + 35*i - 14. Determine n(7).
-14
Let o(n) = n**2 - 69*n + 572. Calculate o(10).
-18
Let n(o) = -3*o**2 - 24*o - 23. Calculate n(-10).
-83
Let w(v) = -195*v + 3167. Give w(15).
242
Let v(r) = -r**3 + 68*r**2 + 75*r - 417. What is v(69)?
-3
Let f(t) = 3021*t + 15105. Calculate f(-5).
0
Let u(x) = -2*x**2 - 13*x + 30. Determine u(4).
-54
Let c(h) = h**3 - 29*h**2 + 12*h + 356. What is c(28)?
-92
Let w(y) = -y**3 + 96*y**2 - 89*y - 568. Give w(95).
2
Let k(q) = 9*q**2 + 339*q + 17. Calculate k(-40).
857
Let q(n) = 283*n + 1705. Calculate q(-6).
7
Let l(c) = -13*c + 1069. Calculate l(82).
3
Let k(c) = -c**3 - 11*c**2 - 15*c - 126. Give k(-11).
39
Let h(w) = -12*w**2 - 46*w - 29. What is h(-3)?
1
Let j(x) = 10*x**3 - 458*x**2 + 364*x - 174. Calculate j(45).
6
Let u(x) = -40*x**2 + 3520*x - 6. Determine u(88).
-6
Let c(y) = -y**2 - 363*y + 1826. Determine c(5).
-14
Let s(z) = 340*z**2 + 675*z - 17. What is s(-2)?
-7
Let q(b) = -407*b + 406. Calculate q(1).
-1
Let g(s) = -6*s**3 - 14*s**2 - 5*s - 2. What is g(-2)?
0
Let z(o) = -o**2 - 9*o + 681. Give z(-31).
-1
Let g(v) = -263*v + 939. Calculate g(4).
-113
Let q(o) = o**3 - 23*o**2 + 134*o + 10. Give q(9).
82
Let q(p) = -240*p + 242. What is q(1)?
2
Let l(u) = u**3 + 22*u**2 + u + 34. Give l(-22).
12
Let g(t) = -t**3 + 13*t**2 + 382*t - 72. Calculate g(27).
36
Let l(w) = 6*w**2 - 34*w - 51. Give l(7).
5
Let z(k) = -83*k - 633. Calculate z(-7).
-52
Let o(w) = -w**3 - 27*w**2 - 197*w - 197. What is o(-12)?
7
Let o(a) = a**2 + 59*a + 524. Calculate o(-48).
-4
Let q(d) = -d**3 - 99*d**2 - 108*d - 976. What is q(-98)?
4
Let j(r) = -57*r - 2160. Give j(-38).
6
Let x(b) = 73*b - 78. Calculate x(3).
141
Let c(y) = -y**3 + y**2 + 73*y + 18. Calculate c(-8).
10
Let a(v) = 1035*v + 18641. Give a(-18).
11
Let v(z) = -159*z - 1682. Give v(-12).
226
Let y(o) = -o**3 - 9*o**2 + 272*o + 455. What is y(-21)?
35
Let l(u) = -u**3 - 2*u**2 - 36*u - 309. What is l(-7)?
188
Let b(d) = -24*d**2 - 68*d + 9. Give b(-3).
-3
Let t(y) = 99*y + 1166. Calculate t(-12).
-22
Let n(j) = j**3 + 27*j**2 + 52*j + 102. Give n(-25).
52
Let k(g) = 3*g**3 - 4*g**2 - 51*g - 25. Determine k(5).
-5
Let f(l) = -l**2 + 117*l - 236. Calculate f(115).
-6
Let o(q) = -q**3 + 6*q**2 + 434*q - 23. Calculate o(24).
25
Let p(g) = -g**2 - 163*g - 33. What is p(0)?
-33
Let w(d) = d**3 - 43*d**2 + 45*d - 83. Calculate w(42).
43
Let k(l) = -69*l - 19. Give k(-3).
188
Let z(f) = f**3 - 5*f**2 + 262*f - 1281. Determine z(5).
29
Let c(v) = 307*v - 27927. Calculate c(91).
10
Let s(f) = 5*f**2 - 54*f - 28. Determine s(11).
-17
Let m(l) = -7*l + 12. Determine m(-34).
250
Let j(f) = f**2 + 155*f - 1646. What is j(-165)?
4
Let s(b) = -18*b + 192. What is s(10)?
12
Let a(i) = -24*i - 537. Calculate a(-27).
111
Let v(d) = d**2 + 92*d + 2039. Calculate v(-38).
-13
Let n(u) = -32*u + 2657. Give n(82).
33
Let b(u) = -119*u**2 - 2039*u - 278. Determine b(-17).
-6
Let w(t) = t**2 - 3*t - 69. Determine w(-8).
19
Let l(p) = 3*p**3 - 22*p**2 + 22*p - 53. Determine l(7).
52
Let a(k) = 6*k**2 - 147*k + 719. Calculate a(5).
134
Let h(l) = -l**3 + 3*l**2 - 30*l + 210. Calculate h(5).
10
Let r(p) = 28*p - 19. Give r(2).
37
Let z(x) = -220*x - 12750. What is z(-58)?
10
Let b(q) = -21*q + 807. Give b(36).
51
Let w(h) = h**2 - 870*h + 5148. Calculate w(6).
-36
Let u(p) = -p**3 + p**2 + 59*p - 199. What is u(0)?
-199
Let z(r) = r**3 + 25*r**2 + 127*r - 58. Give z(-8).
14
Let u(f) = -f**2 + 112*f + 228. What is u(-2)?
0
Let o(z) = -15*z - 146. What is o(-13)?
49
Let b(s) = -45*s + 3841. What is b(85)?
16
Let h(r) = -4*r**2 + 83*r - 392. Calculate h(5).
-77
Let a(u) = 137*u - 6635. Calculate a(48).
-59
Let o(p) = -p**3 - 10*p**2 - 22*p + 11. Calculate o(-4).
3
Let u(j) = -j**2 - 26*j + 27. Calculate u(-29).
-60
Let y(i) = i**2 - 35*i + 121. What is y(4)?
-3
Let i(v) = -14*v**2 + 9*v + 29. Determine i(-3).
-124
Let j(d) = 162*d - 458. Determine j(3).
28
Let m(s) = 54*s - 85. Determine m(2).
23
Let u(t) = -63*t**2 + 1446*t + 34. What is u(23)?
-35
Let v(z) = -83*z - 1324. What is v(-16)?
4
Let z(c) = -c**3 + 22*c**2 + 318*c + 1. What is z(-10)?
21
Let c(s) = -s**3 + 18*s**2 - 32*s + 4. Give c(16).
4
Let y(x) = -17*x + 371. Give y(21).
14
Let f(g) = -58*g + 87. Give f(13).
-667
Let a(q) = -987*q + 9869. Give a(10).
-1
Let l(o) = -26*o - 181. Determine l(-4).
-77
Let h(f) = -75*f**2 